
410214 (base 7) to base 10
69738
-110000110000110010010 (base 2) to base 7
-16403301
Convert 54833 (base 14) to base 11.
12a853
What is 31524640 (base 7) in base 3?
12001002122011
1014576 (base 8) to base 2
1000001100101111110
Convert -11011011101110011110010 (base 2) to base 3.
-111112210112011
1001222000 (base 3) to base 14
79a2
-59066 (base 14) to base 7
-1562156
What is 11002211211 (base 3) in base 15?
18e21
Convert 536ba (base 15) to base 9.
443174
What is -1110011110100111101 (base 2) in base 4?
-1303310331
Convert 521505 (base 6) to base 10.
41873
Convert -1026527 (base 9) to base 6.
-15435211
What is -1555565 (base 8) in base 4?
-1231231311
-199bc2 (base 14) to base 8
-3362376
1700271 (base 8) to base 3
220222111022
Convert 110111100110111010010 (base 2) to base 4.
12330313102
Convert -511783 (base 10) to base 14.
-d471d
What is -1100114223 (base 5) in base 3?
-11102021221022
Convert 1020367 (base 8) to base 16.
420f7
17515087 (base 9) to base 13
1a954a7
Convert -10110100111111110100100 (base 2) to base 5.
-3004242131
32161 (base 8) to base 13
6159
Convert -10a1a1 (base 16) to base 14.
-2052db
What is 6891a6 (base 11) in base 16?
10b7e2
What is 2aaa4a7 (base 13) in base 8?
64124675
-111ba01 (base 14) to base 11
-4659160
853166 (base 9) to base 7
4212444
-210112251 (base 6) to base 7
-43004554
What is 152120353 (base 6) in base 2?
1100001001001000001101
-1260504 (base 8) to base 15
-6e705
What is -1212101012211 (base 3) in base 11?
-618002
Convert -73805 (base 10) to base 9.
-122215
-122222310000 (base 4) to base 7
-113265141
Convert 4ae216 (base 15) to base 14.
696bb9
Convert 1087666 (base 12) to base 15.
427b40
-1023033330 (base 4) to base 12
-12a450
What is -10110010211 (base 3) in base 10?
-67900
What is 202012022220222 (base 3) in base 12?
37177a5
29619b (base 13) to base 11
632193
Convert -1007080 (base 9) to base 10.
-536616
What is 18595 (base 13) in base 14?
13248
What is 223221044 (base 7) in base 9?
27470338
-6360568 (base 11) to base 2
-101010101110101000010100
-40482 (base 11) to base 3
-10000010022
Convert 466135 (base 7) to base 6.
1443451
Convert -12271480 (base 9) to base 8.
-26734171
-15a9096 (base 14) to base 5
-10210041034
Convert 1022201021101 (base 3) to base 8.
2534753
What is -117fe (base 16) in base 7?
-415655
What is 6061544 (base 9) in base 15?
43bbe1
Convert -1480064 (base 12) to base 7.
-50152120
-26a98 (base 11) to base 14
-100c1
5cfa34 (base 16) to base 14
b48884
1433222041 (base 5) to base 11
216953a
Convert 1205331 (base 6) to base 13.
22b31
What is 2210407 (base 8) in base 3?
1010012001210
Convert a29b41 (base 14) to base 7.
64411311
What is 2560265 (base 7) in base 4?
1101200330
Convert -47d7a (base 15) to base 6.
-4524541
What is -c1b9e (base 15) in base 13?
-186323
Convert 5aa214 (base 11) to base 2.
11101011101001110000
Convert 2595b5 (base 12) to base 3.
1011101101202
What is 1381206 (base 10) in base 6?
45334250
What is -884229 (base 10) in base 13?
-24c618
What is 122021211220 (base 3) in base 11?
212773
-33233132203 (base 4) to base 15
-567a87
What is 201211112021 (base 3) in base 4?
1133110000
Convert -16865831 (base 9) to base 16.
-81830e
-100010100000001000 (base 2) to base 16
-22808
What is 216912 (base 13) in base 2?
10111111110111001001
Convert 75c9d (base 14) to base 15.
59733
2051041 (base 6) to base 4
120123001
3684ba (base 15) to base 7
31120120
-305425 (base 9) to base 16
-2c393
-232042303 (base 5) to base 15
-15b053
Convert -230609 (base 10) to base 8.
-702321
-15315627 (base 8) to base 7
-41601452
-101010011101001001 (base 2) to base 14
-47533
Convert -87cd5e (base 16) to base 10.
-8899934
What is -1002020 (base 5) in base 9?
-23710
Convert -1359cc7 (base 13) to base 5.
-3030333312
-37f6f9 (base 16) to base 6
-210340041
What is -676017 (base 11) in base 4?
-10012320331
Convert -3031013 (base 9) to base 13.
-446c94
120200111202 (base 3) to base 2
1001011011000000010
50051c (base 13) to base 3
10111100210012
-18a120 (base 13) to base 9
-1147131
16af1f (base 16) to base 3
2210112021010
230232302 (base 4) to base 7
1362110
Convert 2abd8 (base 16) to base 12.
85388
Convert -1012010012101112 (base 3) to base 4.
-1001013100202
111101010000001011110 (base 2) to base 3
10202222021022
What is -c9ac7 (base 15) in base 10?
-640312
2011033223 (base 4) to base 16
853eb
What is -412104302 (base 5) in base 15?
-231702
What is 53135441 (base 7) in base 6?
240213352
-24111301 (base 5) to base 11
-142356
What is -8399699 (base 10) in base 4?
-200002231103
What is -1011010011111100100 (base 2) in base 4?
-1122133210
-5072b3 (base 15) to base 8
-16447076
What is 4132013 (base 5) in base 16?
108ae
Convert 237b2c (base 14) to base 7.
13206255
Convert -40722340 (base 8) to base 4.
-200322103200
What is -26d83 (base 14) in base 7?
-546523
What is 2212202001 (base 3) in base 11?
39642
What is b2664e (base 16) in base 3?
210222222212011
-1052015 (base 12) to base 7
-35201615
Convert -1b37c2 (base 14) to base 5.
-222021144
a41857 (base 12) to base 11
14a9052
Convert -14745a (base 15) to base 6.
-33051021
What is -31b88b (base 13) in base 2?
-100011101001011001010
What is -10e985 (base 15) in base 10?
-808775
What is -563029 (base 12) in base 9?
-2523436
-66936 (base 16) to base 4
-1212210312
What is -101110101001101001011 (base 2) in base 16?
-17534b
What is 153fb5 (base 16) in base 12?
571a71
Convert 86488 (base 16) to base 12.
226374
Convert -30443013 (base 8) to base 12.
-21a714b
What is -200146 (base 8) in base 5?
-4100023
What is 73730 (base 14) in base 10?
278558
417455 (base 8) to base 16
21f2d
What is 110100000100010111100 (base 2) in base 3?
10012200102120
Convert 180441 (base 9) to base 15.
2324d
-10773e (base 15) to base 16
-bf8fa
-10130103131 (base 4) to base 16
-11c4dd
Convert -110011000001110000 (base 2) to base 13.
-74197
-15403643 (base 8) to base 9
-6586172
-59b52 (base 13) to base 2
-101000001010011000
625234 (base 7) to base 3
12110102211
What is -3262255 (base 7) in base 11?
-254965
Convert -1305512 (base 6) to base 3.
-10121201222
Convert -41222302 (base 6) to base 11.
-73a411
1422802 (base 11) to base 16
255d27
Convert -56212217 (base 8) to base 2.
-101110010001010010001111
-1033132103 (base 4) to base 9
-545472
100111111011100111101 (base 2) to base 16
13f73d
4445454 (base 6) to base 11
143471
What is 71928 (base 16) in base 15?
92c7c
-147b08 (base 13) to base 9
-845617
Convert -1230556 (base 7) to base 14.
-41bd6
What is 32131421 (base 5) in base 3?
111202112220
Convert -9e55f (base 16) to base 6.
-21522303
What is 1101011111001010111 (base 2) in base 12?
193907
Convert -30097 (base 14) to base 6.
-2250101
What is 5314 (base 14) in base 16?
37f6
What is a3951 (base 13) in base 8?
1075634
What is -5050113 (base 10) in base 3?
-100111120110020
-56731 (base 10) to base 15
-11c21
-10232222 (base 5) to base 15
-1a9ac
Convert 270a35 (base 13) to base 11.
595477
Convert 51b371 (base 12) to base 11.
7a8006
What is d454f (base 16) in base 2?
11010100010101001111
Convert 4463327 (base 11) to base 12.
275301b
-423045 (base 9) to base 15
-4e7eb
Convert -1a3276 (base 11) to base 13.
-abbb0
Convert -10bbc (base 13) to base 16.
-776f
-1000300 (base 7) to base 9
-188524
11001010000101111010 (base 2) to base 8
3120572
Convert 16b0169 (base 12) to base 11.
2725731
What is -951016 (base 11) in base 6?
-52355340
What is -221001121020 (base 3) in base 12?
-1b9536
What is 24430551 (base 6) in base 5?
200003244
Convert -2432644 (base 7) to base 6.
-10354341
Convert -133112 (base 10) to base 14.
-36720
-3240363 (base 11) to base 16
-56e925
14b19e (base 15) to base 8
3637716
-33415540 (base 6) to base 16
-f76d4
-2002021000200 (base 3) to base 13
-2ca063
Convert 101011001111100100111 (base 2) to base 6.
50212103
Convert -1011101100101100000000 (base 2) to base 12.
-103a800
What is 35a7 (base 12) in base 5?
143111
100010111220022 (base 3) to base 9
10114808
-30e8b (base 15) to base 9
-255745
Convert -10570d (base 16) to base 7.
-12050021
What is -12511007 (base 8) in base 4?
-22221020013
6552144 (base 8) to base 3
10022022221112
What is -133110322 (base 4) in base 14?
-34a94
What is -b790 (base 14) in base 12?
-16402
What is -1021323001 (base 4) in base 10?
-302785
-1b516f (base 16) to base 2
-1101101010001